{"id":5329,"date":"2022-06-16T08:46:01","date_gmt":"2022-06-16T08:46:01","guid":{"rendered":"https:\/\/baginbox.rs\/?page_id=5329"},"modified":"2022-06-24T08:36:05","modified_gmt":"2022-06-24T08:36:05","slug":"sokovi","status":"publish","type":"page","link":"https:\/\/baginbox.rs\/index.php\/sokovi\/","title":{"rendered":"Sokovi"},"content":{"rendered":"\t\t<div data-elementor-type=\"wp-page\" data-elementor-id=\"5329\" class=\"elementor elementor-5329\" data-elementor-post-type=\"page\">\n\t\t\t\t\t\t<section class=\"elementor-section elementor-top-section elementor-element elementor-element-55d67fca elementor-section-boxed elementor-section-height-default elementor-section-height-default\" data-id=\"55d67fca\" data-element_type=\"section\" data-e-type=\"section\">\n\t\t\t\t\t\t<div class=\"elementor-container elementor-column-gap-default\">\n\t\t\t\t\t<div class=\"elementor-column elementor-col-50 elementor-top-column elementor-element elementor-element-e69f12\" data-id=\"e69f12\" data-element_type=\"column\" data-e-type=\"column\">\n\t\t\t<div class=\"elementor-widget-wrap elementor-element-populated\">\n\t\t\t\t\t\t<div class=\"elementor-element elementor-element-3a244228 elementor-widget elementor-widget-heading\" data-id=\"3a244228\" data-element_type=\"widget\" data-e-type=\"widget\" data-widget_type=\"heading.default\">\n\t\t\t\t<div class=\"elementor-widget-container\">\n\t\t\t\t\t<h2 class=\"elementor-heading-title elementor-size-default\">SOKOVI<\/h2>\t\t\t\t<\/div>\n\t\t\t\t<\/div>\n\t\t\t\t<div class=\"elementor-element elementor-element-3db3d6cb elementor-widget__width-auto elementor-invisible elementor-widget elementor-widget-image\" data-id=\"3db3d6cb\" data-element_type=\"widget\" data-e-type=\"widget\" data-settings=\"{&quot;_animation&quot;:&quot;fadeInUp&quot;}\" data-widget_type=\"image.default\">\n\t\t\t\t<div class=\"elementor-widget-container\">\n\t\t\t\t\t\t\t\t\t\t\t\t\t\t\t<img fetchpriority=\"high\" decoding=\"async\" width=\"399\" height=\"232\" src=\"https:\/\/baginbox.rs\/wp-content\/uploads\/2022\/06\/DS-Smith-expands-Bag-in-Box-aseptic-system-to-functional-foods.jpg\" class=\"attachment-full size-full wp-image-5332\" alt=\"\" srcset=\"https:\/\/baginbox.rs\/wp-content\/uploads\/2022\/06\/DS-Smith-expands-Bag-in-Box-aseptic-system-to-functional-foods.jpg 399w, https:\/\/baginbox.rs\/wp-content\/uploads\/2022\/06\/DS-Smith-expands-Bag-in-Box-aseptic-system-to-functional-foods-300x174.jpg 300w\" sizes=\"(max-width: 399px) 100vw, 399px\" \/>\t\t\t\t\t\t\t\t\t\t\t\t\t\t\t<\/div>\n\t\t\t\t<\/div>\n\t\t\t\t\t<\/div>\n\t\t<\/div>\n\t\t\t\t<div class=\"elementor-column elementor-col-50 elementor-top-column elementor-element elementor-element-6507a6a7\" data-id=\"6507a6a7\" data-element_type=\"column\" data-e-type=\"column\" data-settings=\"{&quot;background_background&quot;:&quot;classic&quot;}\">\n\t\t\t<div class=\"elementor-widget-wrap elementor-element-populated\">\n\t\t\t\t\t\t<section class=\"elementor-section elementor-inner-section elementor-element elementor-element-f2a3a9 elementor-section-full_width elementor-section-height-default elementor-section-height-default\" data-id=\"f2a3a9\" data-element_type=\"section\" data-e-type=\"section\">\n\t\t\t\t\t\t<div class=\"elementor-container elementor-column-gap-no\">\n\t\t\t\t\t<div class=\"elementor-column elementor-col-100 elementor-inner-column elementor-element elementor-element-407a19f\" data-id=\"407a19f\" data-element_type=\"column\" data-e-type=\"column\">\n\t\t\t<div class=\"elementor-widget-wrap elementor-element-populated\">\n\t\t\t\t\t\t<div class=\"elementor-element elementor-element-7b9b8e2e elementor-widget elementor-widget-heading\" data-id=\"7b9b8e2e\" data-element_type=\"widget\" data-e-type=\"widget\" data-widget_type=\"heading.default\">\n\t\t\t\t<div class=\"elementor-widget-container\">\n\t\t\t\t\t<h2 class=\"elementor-heading-title elementor-size-default\">BAG-IN-BOX RE\u0160ENJA ZA VO\u0106NE PROIZVODE.<\/h2>\t\t\t\t<\/div>\n\t\t\t\t<\/div>\n\t\t\t\t<div class=\"elementor-element elementor-element-2c00c036 elementor-widget elementor-widget-text-editor\" data-id=\"2c00c036\" data-element_type=\"widget\" data-e-type=\"widget\" data-widget_type=\"text-editor.default\">\n\t\t\t\t<div class=\"elementor-widget-container\">\n\t\t\t\t\t\t\t\t\t<p>Ovu porodicu proizvoda Zdravo Produkt proizvodi posebno za industriju prerade voc\u0301a i povrc\u0301a (paradajz, agrumi, itd.). Ovo su re\u0161enja za pakovanje prilago\u0111ena skladi\u0161tenju i transportu te\u010dnih prehrambenih proizvoda \u2013 sokova, koncentrata i pulpe \u2013 koja generalno zahtevaju asepti\u010dna pakovanja kako bi se odr\u017eala maksimalna sve\u017eina i dug vek trajanja.<\/p>\t\t\t\t\t\t\t\t<\/div>\n\t\t\t\t<\/div>\n\t\t\t\t\t<\/div>\n\t\t<\/div>\n\t\t\t\t\t<\/div>\n\t\t<\/section>\n\t\t\t\t\t<\/div>\n\t\t<\/div>\n\t\t\t\t\t<\/div>\n\t\t<\/section>\n\t\t\t\t<section class=\"elementor-section elementor-top-section elementor-element elementor-element-3086496e elementor-section-boxed elementor-section-height-default elementor-section-height-default\" data-id=\"3086496e\" data-element_type=\"section\" data-e-type=\"section\" data-settings=\"{&quot;background_background&quot;:&quot;classic&quot;}\">\n\t\t\t\t\t\t<div class=\"elementor-container elementor-column-gap-default\">\n\t\t\t\t\t<div class=\"elementor-column elementor-col-100 elementor-top-column elementor-element elementor-element-68027e40\" data-id=\"68027e40\" data-element_type=\"column\" data-e-type=\"column\">\n\t\t\t<div class=\"elementor-widget-wrap elementor-element-populated\">\n\t\t\t\t\t\t<div class=\"elementor-element elementor-element-36396b63 elementor-widget elementor-widget-image-gallery\" data-id=\"36396b63\" data-element_type=\"widget\" data-e-type=\"widget\" data-widget_type=\"image-gallery.default\">\n\t\t\t\t<div class=\"elementor-widget-container\">\n\t\t\t\t\t\t\t<div class=\"elementor-image-gallery\">\n\t\t\t<div id='gallery-1' class='gallery galleryid-5329 gallery-columns-2 gallery-size-thumbnail'><figure class='gallery-item'>\n\t\t\t<div class='gallery-icon landscape'>\n\t\t\t\t<a data-elementor-open-lightbox=\"yes\" data-elementor-lightbox-slideshow=\"36396b63\" data-elementor-lightbox-title=\"Itap-Wine-tap-842012-1-300x300\" data-e-action-hash=\"#elementor-action%3Aaction%3Dlightbox%26settings%3DeyJpZCI6NTMwMCwidXJsIjoiaHR0cHM6XC9cL2JhZ2luYm94LnJzXC93cC1jb250ZW50XC91cGxvYWRzXC8yMDIyXC8wNlwvSXRhcC1XaW5lLXRhcC04NDIwMTItMS0zMDB4MzAwLTEuanBnIiwic2xpZGVzaG93IjoiMzYzOTZiNjMifQ%3D%3D\" href='https:\/\/baginbox.rs\/wp-content\/uploads\/2022\/06\/Itap-Wine-tap-842012-1-300x300-1.jpg'><img decoding=\"async\" width=\"150\" height=\"150\" src=\"https:\/\/baginbox.rs\/wp-content\/uploads\/2022\/06\/Itap-Wine-tap-842012-1-300x300-1-150x150.jpg\" class=\"attachment-thumbnail size-thumbnail\" alt=\"\" srcset=\"https:\/\/baginbox.rs\/wp-content\/uploads\/2022\/06\/Itap-Wine-tap-842012-1-300x300-1-150x150.jpg 150w, https:\/\/baginbox.rs\/wp-content\/uploads\/2022\/06\/Itap-Wine-tap-842012-1-300x300-1.jpg 300w, https:\/\/baginbox.rs\/wp-content\/uploads\/2022\/06\/Itap-Wine-tap-842012-1-300x300-1-100x100.jpg 100w\" sizes=\"(max-width: 150px) 100vw, 150px\" \/><\/a>\n\t\t\t<\/div><\/figure><figure class='gallery-item'>\n\t\t\t<div class='gallery-icon landscape'>\n\t\t\t\t<a data-elementor-open-lightbox=\"yes\" data-elementor-lightbox-slideshow=\"36396b63\" data-elementor-lightbox-title=\"TAP-HOSE-280x280\" data-e-action-hash=\"#elementor-action%3Aaction%3Dlightbox%26settings%3DeyJpZCI6NTM1MCwidXJsIjoiaHR0cHM6XC9cL2JhZ2luYm94LnJzXC93cC1jb250ZW50XC91cGxvYWRzXC8yMDIyXC8wNlwvVEFQLUhPU0UtMjgweDI4MC0xLnBuZyIsInNsaWRlc2hvdyI6IjM2Mzk2YjYzIn0%3D\" href='https:\/\/baginbox.rs\/wp-content\/uploads\/2022\/06\/TAP-HOSE-280x280-1.png'><img decoding=\"async\" width=\"150\" height=\"150\" src=\"https:\/\/baginbox.rs\/wp-content\/uploads\/2022\/06\/TAP-HOSE-280x280-1-150x150.png\" class=\"attachment-thumbnail size-thumbnail\" alt=\"\" srcset=\"https:\/\/baginbox.rs\/wp-content\/uploads\/2022\/06\/TAP-HOSE-280x280-1-150x150.png 150w, https:\/\/baginbox.rs\/wp-content\/uploads\/2022\/06\/TAP-HOSE-280x280-1-100x100.png 100w, https:\/\/baginbox.rs\/wp-content\/uploads\/2022\/06\/TAP-HOSE-280x280-1.png 280w\" sizes=\"(max-width: 150px) 100vw, 150px\" \/><\/a>\n\t\t\t<\/div><\/figure>\n\t\t<\/div>\n\t\t<\/div>\n\t\t\t\t\t\t<\/div>\n\t\t\t\t<\/div>\n\t\t\t\t\t<\/div>\n\t\t<\/div>\n\t\t\t\t\t<\/div>\n\t\t<\/section>\n\t\t\t\t<\/div>\n\t\t","protected":false},"excerpt":{"rendered":"<p>SOKOVI BAG-IN-BOX RE\u0160ENJA ZA VO\u0106NE PROIZVODE. Ovu porodicu proizvoda Zdravo Produkt proizvodi posebno za industriju prerade voc\u0301a i povrc\u0301a (paradajz, agrumi, itd.). Ovo su re\u0161enja za pakovanje prilago\u0111ena skladi\u0161tenju i transportu te\u010dnih prehrambenih proizvoda \u2013 sokova, koncentrata i pulpe \u2013 koja generalno zahtevaju asepti\u010dna pakovanja kako bi se odr\u017eala maksimalna sve\u017eina i dug vek trajanja.<\/p>\n","protected":false},"author":1,"featured_media":0,"parent":0,"menu_order":0,"comment_status":"closed","ping_status":"closed","template":"","meta":{"site-sidebar-layout":"no-sidebar","site-content-layout":"page-builder","ast-site-content-layout":"default","site-content-style":"default","site-sidebar-style":"default","ast-global-header-display":"","ast-banner-title-visibility":"","ast-main-header-display":"","ast-hfb-above-header-display":"","ast-hfb-below-header-display":"","ast-hfb-mobile-header-display":"","site-post-title":"disabled","ast-breadcrumbs-content":"","ast-featured-img":"disabled","footer-sml-layout":"","ast-disable-related-posts":"","theme-transparent-header-meta":"","adv-header-id-meta":"","stick-header-meta":"","header-above-stick-meta":"","header-main-stick-meta":"","header-below-stick-meta":"","astra-migrate-meta-layouts":"default","ast-page-background-enabled":"default","ast-page-background-meta":{"desktop":{"background-color":"","background-image":"","background-repeat":"repeat","background-position":"center center","background-size":"auto","background-attachment":"scroll","background-type":"","background-media":"","overlay-type":"","overlay-color":"","overlay-opacity":"","overlay-gradient":""},"tablet":{"background-color":"","background-image":"","background-repeat":"repeat","background-position":"center center","background-size":"auto","background-attachment":"scroll","background-type":"","background-media":"","overlay-type":"","overlay-color":"","overlay-opacity":"","overlay-gradient":""},"mobile":{"background-color":"","background-image":"","background-repeat":"repeat","background-position":"center center","background-size":"auto","background-attachment":"scroll","background-type":"","background-media":"","overlay-type":"","overlay-color":"","overlay-opacity":"","overlay-gradient":""}},"ast-content-background-meta":{"desktop":{"background-color":"var(--ast-global-color-5)","background-image":"","background-repeat":"repeat","background-position":"center center","background-size":"auto","background-attachment":"scroll","background-type":"","background-media":"","overlay-type":"","overlay-color":"","overlay-opacity":"","overlay-gradient":""},"tablet":{"background-color":"var(--ast-global-color-5)","background-image":"","background-repeat":"repeat","background-position":"center center","background-size":"auto","background-attachment":"scroll","background-type":"","background-media":"","overlay-type":"","overlay-color":"","overlay-opacity":"","overlay-gradient":""},"mobile":{"background-color":"var(--ast-global-color-5)","background-image":"","background-repeat":"repeat","background-position":"center center","background-size":"auto","background-attachment":"scroll","background-type":"","background-media":"","overlay-type":"","overlay-color":"","overlay-opacity":"","overlay-gradient":""}},"footnotes":""},"class_list":["post-5329","page","type-page","status-publish","hentry"],"_links":{"self":[{"href":"https:\/\/baginbox.rs\/index.php\/wp-json\/wp\/v2\/pages\/5329","targetHints":{"allow":["GET"]}}],"collection":[{"href":"https:\/\/baginbox.rs\/index.php\/wp-json\/wp\/v2\/pages"}],"about":[{"href":"https:\/\/baginbox.rs\/index.php\/wp-json\/wp\/v2\/types\/page"}],"author":[{"embeddable":true,"href":"https:\/\/baginbox.rs\/index.php\/wp-json\/wp\/v2\/users\/1"}],"replies":[{"embeddable":true,"href":"https:\/\/baginbox.rs\/index.php\/wp-json\/wp\/v2\/comments?post=5329"}],"version-history":[{"count":7,"href":"https:\/\/baginbox.rs\/index.php\/wp-json\/wp\/v2\/pages\/5329\/revisions"}],"predecessor-version":[{"id":5353,"href":"https:\/\/baginbox.rs\/index.php\/wp-json\/wp\/v2\/pages\/5329\/revisions\/5353"}],"wp:attachment":[{"href":"https:\/\/baginbox.rs\/index.php\/wp-json\/wp\/v2\/media?parent=5329"}],"curies":[{"name":"wp","href":"https:\/\/api.w.org\/{rel}","templated":true}]}}